 digit of 19330?
3
What is the units digit of 1306?
6
What is the units digit of 715?
5
What is the units digit of 383?
3
What is the tens digit of 660?
6
What is the hundreds digit of 1654?
6
What is the units digit of 37997?
7
What is the hundreds digit of 1090?
0
What is the units digit of 28983?
3
What is the tens digit of 6258?
5
What is the tens digit of 739?
3
What is the hundreds digit of 7116?
1
What is the units digit of 48462?
2
What is the units digit of 16029?
9
What is the tens digit of 2227?
2
What is the units digit of 784?
4
What is the thousands digit of 4415?
4
What is the thousands digit of 65157?
5
What is the ten thousands digit of 30067?
3
What is the tens digit of 3611?
1
What is the thousands digit of 8545?
8
What is the thousands digit of 49706?
9
What is the hundreds digit of 782?
7
What is the thousands digit of 25745?
5
What is the units digit of 1237?
7
What is the tens digit of 3745?
4
What is the ten thousands digit of 105443?
0
What is the thousands digit of 3834?
3
What is the tens digit of 163?
6
What is the thousands digit of 10530?
0
What is the thousands digit of 2045?
2
What is the tens digit of 161915?
1
What is the units digit of 9105?
5
What is the ten thousands digit of 14838?
1
What is the ten thousands digit of 42944?
4
What is the tens digit of 514?
1
What is the thousands digit of 127793?
7
What is the tens digit of 1398?
9
What is the units digit of 433?
3
What is the units digit of 6764?
4
What is the units digit of 456?
6
What is the tens digit of 3868?
6
What is the ten thousands digit of 105895?
0
What is the thousands digit of 1598?
1
What is the ten thousands digit of 59569?
5
What is the ten thousands digit of 77799?
7
What is the tens digit of 7028?
2
What is the thousands digit of 56544?
6
What is the tens digit of 785?
8
What is the tens digit of 121311?
1
What is the hundreds digit of 85781?
7
What is the hundreds digit of 3957?
9
What is the hundreds digit of 580?
5
What is the hundreds digit of 467?
4
What is the hundreds digit of 1668?
6
What is the units digit of 30071?
1
What is the units digit of 4102?
2
What is the tens digit of 589?
8
What is the hundreds digit of 1040?
0
What is the hundreds digit of 3844?
8
What is the tens digit of 241?
4
What is the thousands digit of 55108?
5
What is the thousands digit of 66879?
6
What is the thousands digit of 5331?
5
What is the hundreds digit of 2310?
3
What is the tens digit of 7559?
5
What is the thousands digit of 10841?
0
What is the tens digit of 124202?
0
What is the thousands digit of 1981?
1
What is the units digit of 1422?
2
What is the hundreds digit of 838?
8
What is the units digit of 110104?
4
What is the tens digit of 862?
6
What is the hundreds digit of 10235?
2
What is the units digit of 27250?
0
What is the tens digit of 31044?
4
What is the ten thousands digit of 23125?
2
What is the tens digit of 10494?
9
What is the thousands digit of 38913?
8
What is the thousands digit of 10313?
0
What is the hundreds digit of 14659?
6
What is the units digit of 63578?
8
What is the thousands digit of 4490?
4
What is the tens digit of 8414?
1
What is the hundreds digit of 604?
6
What is the thousands digit of 74017?
4
What is the ten thousands digit of 43323?
4
What is the tens digit of 132303?
0
What is the units digit of 583?
3
What is the hundreds digit of 51764?
7
What is the ten thousands digit of 14809?
1
What is the tens digit of 21837?
3
What is the tens digit of 184004?
0
What is the ten thousands digit of 26373?
2
What is the units digit of 2417?
7
What is the units digit of 4776?
6
What is the hundreds digit of 1305?
3
What is the thousands digit of 162200?
2
What is the thousands digit of 7913?
7
What is the units digit of 8873?
3
What is the units digit of 70285?
5
What is the tens digit of 2123?
2
What is the tens digit of 2044?
4
What is the units digit of 3901?
1
What is the ten thousands digit of 43112?
4
What is the thousands digit of 1307?
1
What is the hundreds digit of 15022?
0
What is the tens digit of 3557?
5
What is the hundreds digit of 10231?
2
What is the tens digit of 65839?
3
What is the hundreds digit of 9212?
2
What is the tens digit of 1335?
3
What is the thousands digit of 7376?
7
What is the units digit of 2610?
0
What is the ten thousands digit of 19778?
1
What is the tens digit of 7459?
5
What is the hundreds digit of 584?
5
What is the thousands digit of 136654?
6
What is the hundreds digit of 3922?
9
What is the units digit of 186074?
4
What is the tens digit of 122756?
5
What is the units digit of 3187?
7
What is the tens digit of 8472?
7
What is the hundreds digit of 2331?
3
What is the hundreds digit of 778?
7
What is the hundreds digit of 5112?
1
What is the hundreds digit of 6730?
7
What is the hundreds digit of 3128?
1
What is the units digit of 3100?
0
What is the hundreds digit of 874?
8
What is the units digit of 549?
9
What is the hundreds digit of 2934?
9
What is the units digit of 4111?
1
What is the thousands digit of 1096?
1
What is the units digit of 22856?
6
What is the thousands digit of 3221?
3
What is the tens digit of 10576?
7
What is the units digit of 277?
7
What is the thousands digit of 13342?
3
What is the units digit of 622?
2
What is the tens digit of 94?
9
What is the units digit of 8998?
8
What is the tens digit of 1430?
3
What is the thousands digit of 12309?
2
What is the tens digit of 1729?
2
What is the ten thousands digit of 11164?
1
What is the thousands digit of 1195?
1
What is the units digit of 29336?
6
What is the hundreds digit of 273?
2
What is the tens digit of 136?
3
What is the tens digit of 726?
2
What is the tens digit of 623?
2
What is the ten thousands digit of 154892?
5
What is the units digit of 2189?
9
What is the units digit of 1885?
5
What is the tens digit of 5409?
0
What is the hundreds digit of 860?
8
What is the hundreds digit of 1932?
9
What is the hundreds digit of 595?
5
What is the units digit of 48666?
6
What is the hundreds digit of 1349?
3
What is the hundreds digit of 1682?
6
What is the tens digit of 27020?
2
What is the units digit of 6175?
5
What is the hundreds digit of 29253?
2
What is the units digit of 101?
1
What is the tens digit of 3118?
1
What is the hundreds digit of 10403?
4
What is the hundreds digit of 116?
1
What is the hundreds digit of 139316?
3
What is the units digit of 57227?
7
What is the thousands digit of 82269?
2
What is the thousands digit of 1159?
1
What is the tens digit of 3866?
6
What is the units digit of 4247?
7
What is the thousands digit of 4298?
4
What is the thousands digit of 1603?
1
What is the tens digit of 87600?
0
What is the ten thousands digit of 144791?
4
What is the tens digit of 148441?
4
What is the thousands digit of 12000?
2
What is the thousands digit of 2706?
2
What is the units digit of 9352?
2
What is the tens digit of 4887?
8
What is the units digit of 5214?
4
What is the tens digit of 18?
1
What is the units digit of 11354?
4
What is the thousands digit of 2270?
2
What is the ten thousands digit of 16488?
1
What is the thousands digit of 145217?
5
What is the thousands digit of 1398?
1
What is the hundreds digit of 2162?
1
What is the units digit of 22269?
9
What is the units digit of 54791?
1
What is the hundreds digit of 54206?
2
What is the units digit of 9249?
9
What is the hundreds digit of 9145?
1
What is the hundreds digit of 8515?
5
What is the thousands digit of 5203?
5
What is the units digit of 1579?
9
What is the hundreds digit of 5486?
4
What is the hundreds digit of 17198?
1
What is the units digit of 467?
7
What is the ten thousands digit of 76420?
7
What is the units digit of 29454?
4
What is the thousands digit of 43956?
3
What is the units digit of 720?
0
What is the tens digit of 2706?
0
What is the thousands digit of 22343?
2
What is the hundreds digit of 95501?
5
What is the hundreds digit of 9725?
7
What is the thousands digit of 26491?
6
What is the ten thousands digit of 62443?
6
What is the units digit of 3221?
1
What is the units digit of 10741?
1
What is the thousands digit of 26279?
6
What is the units digit of 440?
0
What is the units digit of 6494?
4
What is the tens digit of 2857?
5
What is the tens digit of 1437?
3
What is the thousands di